Let b(c) = -3*c**2 + 3868*c - 7733*c + 3865*c. Give b(v).
-12
Let y(v) = -v**2 + 2*v + 1. Let b(j) = 5*j**2 - 18*j - 15. Let z(r) = b(r) + 6*y(r). Let w = -11 + 5. Calculate z(w).
-9
Let t = 111 + -94. Suppose -n = 4*z - 6*n - t, 0 = -3*z - 4*n + 36. Let m(x) = x**2 - 6*x - 11. Give m(z).
5
Suppose -y - 3*i + 5 = 0, 3*i = -y - i + 7. Let r be (-1)/((-3)/30) + 4. Let g(b) = 16*b**2 + 5*b - 3*b - r*b**2 - 3*b. Calculate g(y).
3
Let d be (8 + -15 - -4)*(5 - 0). Let h(v) = v**2 + 12*v - 43. What is h(d)?
2
Let n(k) = k + 16. Let h be 3 + -1 + 13 + 13. Suppose 0 = 5*d - d + h. Determine n(d).
9
Let w(a) be the first derivative of -3*a**2 - 7*a + 540. Determine w(-8).
41
Let s(v) be the third derivative of -v**6/24 - v**5/30 + v**4/12 - v**3/6 - 92*v**2. Calculate s(1).
-6
Let l = 468 + -235. Let s(z) = 236*z**2 + 3 + 3*z - 5*z - l*z**2. What is s(2)?
11
Let y = 420 + -414. Let r(g) = 9*g**3 - 3*g**2 - g + 9. Let a(q) = 4*q**3 - 2*q**2 - q + 4. Let h(l) = -7*a(l) + 3*r(l). Determine h(y).
-13
Let u = 226 + -231. Let o(s) = s**2 + 6*s + 3. Give o(u).
-2
Let u(l) = -1 + 7*l + 2 - 5*l - 4 - 4*l. Determine u(9).
-21
Suppose l = -5*h + 2*l + 10, -3*l = -4*h + 8. Suppose -h*o + j = 3*o - 25, -2*o + 37 = 5*j. Let s(z) = -z**2 + 4*z + 8. Give s(o).
-4
Let z(b) be the third derivative of b**7/840 - b**6/60 + b**5/120 - b**4/6 + 25*b**3/6 + 21*b**2. Let x(u) be the first derivative of z(u). Determine x(6).
2
Suppose 7*x = 5*x - 10. Let g(k) = -4*k**3 + 6*k**2 + 6*k + 6. Let b(o) = -o**3 + o**2 + o + 1. Let q(n) = x*b(n) + g(n). What is q(0)?
1
Let m(r) = 2*r**2 - 3. Let b(n) = n**3 - 3*n**2 - 5*n + 7. Let w(l) = 2*l**2 - 46*l + 4. Let t be w(23). Let j be b(t). What is m(j)?
15
Let z(k) = 9*k - 1 - 2*k + k + 0*k - 4*k. Give z(3).
11
Let x(p) be the third derivative of p**7/840 + p**6/90 + p**4/6 + 4*p**3/3 + 7*p**2. Let k(t) be the first derivative of x(t). Give k(-5).
-21
Let c(y) = 4*y**3 + 2*y**2 - y - 7. Let z be (7/4)/(-3*(-2)/24). Let v(o) = -9*o**3 - 4*o**2 + 3*o + 15. Let g(k) = z*c(k) + 3*v(k). Calculate g(-3).
-19
Suppose -516 = 5*g + 3*u, -5*u = -9*g + 6*g - 330. Let w be 196/g + 2/(-15). Let t(h) = 3*h**3 + 2*h**2 + h + 1. What is t(w)?
-17
Let o(b) be the third derivative of 7*b**4/24 - b**3/2 + 7*b**2 - 3*b. Determine o(6).
39
Suppose 23*y + 337 = 291. Let r(x) = -4*x**3 - 2*x**2 + 3*x + 3. Give r(y).
21
Let m(k) = -k**3 - 13*k**2 + 12*k - 22. Let c be m(-14). Let n(l) be the second derivative of 0 - 1/12*l**4 + 2/3*l**3 - 5/2*l**2 + 5*l. What is n(c)?
-17
Let o(z) be the third derivative of z**4/12 - 4*z**3/3 + 33*z**2. Let n(i) = i**3 - 8*i**2. Let f be n(8). Suppose 4*g = -3*d + 25, -g + 1 = -f. What is o(d)?
6
Let f(l) = -l - 1. Let a(t) = -5*t - 7. Let x(j) = a(j) - 3*f(j). Let h be (3 - -14)*(-2)/(-2). Let o = -13 + h. Determine x(o).
-12
Let x(k) = k**2 + 5*k - 1. Let a(w) = w**2 - 12*w + 23. Let c = 0 - -11. Let l be a(c). Suppose 7*v = 5*v - l. Calculate x(v).
5
Let n(i) = -2*i**2 + 8*i - 4. Suppose 13*d - 16*d + 30 = 0. Suppose 6*f - 8*f + d = 0. Determine n(f).
-14
Suppose -66 = 15*b - 21*b. Let t(o) = o - 7. Calculate t(b).
4
Let l(k) be the second derivative of -k**4/12 - 11*k**3/6 + 5*k**2 + 231*k. Calculate l(-14).
-32
Let d(c) = -c - 28. Let m = -592 + 576. Give d(m).
-12
Let y(w) = w**2 + w - 5. Let m(b) = 6*b**2 + 8*b - 3. Let c be m(-3). Let u = -32 + c. Calculate y(u).
15
Let j(g) be the first derivative of 1/3*g**3 - 12 - 4*g - 3*g**2. Calculate j(5).
-9
Let k(v) be the first derivative of v**4/4 + 4*v**3/3 - v**2 + 3*v + 27. Suppose 4*z = 4*f - f + 20, -3*f = -2*z + 16. Give k(f).
11
Let m(u) be the first derivative of u**4/4 - 13*u**3/3 + 13*u**2/2 + 4*u - 215. Give m(12).
16
Let p(i) = -3*i**3 - 8*i**2 - 3*i - 4. Let v(g) = -2*g**3 - 7*g**2 - 2*g - 3. Let l(w) = -3*p(w) + 4*v(w). Calculate l(2).
-6
Let i(t) = -t**2 - 4*t + 45. Let f be i(5). Suppose -2*w + 1 + 5 = 0. Suppose f = w*u - 18 + 3. Let j(n) = n**3 - 5*n**2 - 2*n + 1. What is j(u)?
-9
Let y be 2/(-15)*5 - 2/6. Let m(c) = 2*c**2 - c + 1. Give m(y).
4
Let y(z) be the third derivative of 0*z**3 + 0*z**5 + 29/120*z**6 + 20*z**2 + 1 + 0*z + 0*z**4. Determine y(-1).
-29
Suppose 2*g + 5*h - 7 = -24, 0 = -4*g - 4*h - 4. Let t(s) = 38*s**2 - 5*s - 35*s**2 + g*s. What is t(-1)?
4
Suppose 0 = v - 4*v + 6. Let b(r) = r + 42 - 25 - r**v - 27. Give b(0).
-10
Let a be 18/30 - (14/(-10) + 1). Let p(y) = -5 + 12*y**3 + 5 + 1 - y - y**2. What is p(a)?
11
Suppose -18*b + 17*b = 4*y + 25, -5*y - 20 = 0. Let f(z) = z**3 + 9*z**2 + 2*z + 9. Determine f(b).
-9
Let g(s) = -s**2 - 8*s - 6. Suppose 112 = -15*o + 19*o. Suppose l + 2*y - o = 5*l, -4*l + 5*y = 34. Determine g(l).
6
Let l(q) = -q**2 + 7*q - 5. Let s be l(4). Let x(n) = -8*n + 9 + 0 - 3*n**2 + 4*n**2 + 0 + 0*n**2. Calculate x(s).
2
Suppose 8*n = -3*n. Let j(t) be the second derivative of -1/12*t**4 - 4*t + 0 + 1/6*t**3 + 7/2*t**2. Give j(n).
7
Let t = 102 - 50. Let y = t - 51. Let m(p) = -4*p**3 + p**2. Determine m(y).
-3
Let b(g) = -g**2 - 2*g + 2. Let m be b(2). Let r be (6/9 - 1)*m. Let h(l) = 6 + r*l - 15 + 6. Calculate h(-5).
-13
Let x(m) = -11 + 10*m + 21 + 13 + 0*m**2 + 2*m - m**2. Give x(14).
-5
Let m be 2 + 3 + 0 + -1. Suppose -i = -v + 14, -3*i - m = -2*v - 7*i. Let r be (v + -4)*-1 + -1. Let t(z) = -z**3 - 6*z**2 + 7*z - 5. Give t(r).
-5
Let k be 2/8*-6*68/(-6). Suppose u + 3 = 5, 3*x - k = -4*u. Let d(r) = -2*r**3 + r**3 + 0*r**3 + 2*r**2 + 3*r. Determine d(x).
0
Let c(p) = p**3 - 8*p**2 + 6*p + 5. Let x(w) = 10*w - 54. Let j be x(6). What is c(j)?
-31
Suppose 2*u = q - 3 - 5, 2*q = u + 4. Let f(n) = q*n + 6*n - 2*n**2 - n**3 + 9*n**2 + 3*n - 7. Calculate f(8).
1
Let j be (42/(-105))/((-2)/(-40)). Let b(k) = -k - 8. What is b(j)?
0
Let d(s) = 14*s**3 + s**2 + s. Suppose -22 = 2*x + 4*y, 33*x + y = 29*x - 9. Give d(x).
-14
Let r(v) = 0*v + 2 - 18 + 3*v. Let f be r(5). Let j(o) = -15*o - 1. Calculate j(f).
14
Let m(b) = -5*b**2 - 3878*b + 1 + 3878*b + b**3. Calculate m(4).
-15
Let o(i) = 9*i - 33*i + 12*i + 4 + 17*i + 0. Calculate o(-5).
-21
Let h(x) = -1 - x**2 - 2 - 7*x + 1. Let i = -72 - -23. Let k = 42 + i. Determine h(k).
-2
Let c(x) be the third derivative of -x**4/12 - x**3/2 - 676*x**2. Give c(-3).
3
Let n(h) = h + 5. Suppose -18*z = -23*z - 25. Give n(z).
0
Let f(w) be the first derivative of 5/4*w**4 - 1/3*w**3 + 0*w**2 + w - 8. Calculate f(1).
5
Let f(l) = -96*l**2 - 106*l**2 - 4*l**3 - l + 3*l**3 - 21 + 0*l + 179*l**2. Give f(-23).
2
Let w be 5/(-10 - 0)*-12. Let g(j) = 67*j - 38*j - 30*j - w. Give g(-5).
-1
Let v be (2/5)/(3/15). Suppose -2*j = v*j - 336. Let o(h) = h**2 - 84 + 4*h + j. Calculate o(-3).
-3
Let h(b) = -29*b - 1 + 27*b - 11*b + b. Give h(2).
-25
Let z(g) = -10*g**3 - 8*g**2 - 10*g + 4. Let p(n) = -3*n**3 - n - 1. Let y(i) = -3*p(i) + z(i). Give y(-7).
7
Let b be 0 - 1 - (-40)/10. Suppose -b*v = -4*v + 3. Let a(n) = n**v - 7 + 5*n - 4*n - 2*n**3 + 3. Give a(0).
-4
Let x(z) = z**3 + 6*z**2 - 8*z - 11. Let m = -502 + 495. Determine x(m).
-4
Let a = 341 - 346. Let n(i) be the second derivative of -i**3/3 - 3*i**2 - i. What is n(a)?
4
Let l = 2313 + -2312. Let y(x) = -27*x**2 - 2*x + 2. Calculate y(l).
-27
Let l(f) = f**3 - 8*f**2 + 7*f + 8. Let j be l(7). Let y(o) = o - 5. Let v be y(j). Let u(m) = 2 - v - m - m + 3*m. Determine u(-2).
-3
Let f(x) = -19 + 10 + 8 + 6 + x + 2*x. Determine f(-4).
-7
Let v be 118/6 + 6/(-9). Let q be 2 - (-4 + v)/(-5). Let g(n) = -n**3 + 5*n**2 - 3. Determine g(q).
-3
Let p(d) = 2*d - 3. Let a(m) = 16*m + 4. Let t(y) = a(y) - 5*p(y). What is t(-6)?
-17
Suppose 2*y - 4 = 5*g + 11, -y = 5*g + 30. Let p(t) be the third derivative of 0 - 5*t**2 - 1/2*t**3 - 1/24*t**4 + 0*t. Determine p(g).
2
Let n(x) = 0*x + 4 + x**2 + 0*x. Let g(p) = -2*p**3 + 3*p**2 + 2*p + 3. Let c be g(3). Let a be 30/9 - (-2)/c*3. Give n(a).
13
Let a = -214 - -217. Let m(o) = 7*o - 2. Give m(a).
19
Let m(d) = 6*d**2 - 11*d**3 + 12*d**3 - 4 - 3 - 11*d. Let y be m(-7). Let k = y - 25. Let i(q) = -q**2 - 5*q + 5. What is i(k)?
9
Let i be (-12)/(-2) - 2/(-2). Let w(m) = m**3 - 2*m**2 + 6*m - 3. Let g(s) = -2*s**3 + 3*s**2 - 12*s + 7. Let b(v) = 6*g(v) + 13*w(v). Calculate b(i).
-4
Let v be 1/((5/10)/(-1)). Let s(c) be the third derivative of c**6/120 + c**5/15 + c**4/24 - c**3/3 + 7*c**2. Deter